he prime factors of h.
3, 13
Let i = -190 + -115. Let d = -146 - i. List the prime factors of d.
3, 53
Suppose 2*g = -3*q - 74 + 220, 3*q - g = 161. Let z = 118 - q. List the prime factors of z.
2, 3, 11
Let w(t) = 3*t + 2. Let i(u) = 3*u + 1. Let x(o) = 2*i(o) - 3*w(o). Suppose 12 = -3*z + 5*g, -5 = 4*z - 3*g + 22. List the prime factors of x(z).
23
Let c(w) = 3*w**2 + 5*w - 2. Let p = -41 - -45. What are the prime factors of c(p)?
2, 3, 11
Suppose -2*p + 17 = 5*v, 2*v - 5*p = -3*v + 45. Suppose 2*l = -9*n + 4*n + 208, 184 = v*n - 4*l. What are the prime factors of n?
2, 5
Suppose -4*i + 2596 = 18*i. List the prime factors of i.
2, 59
List the prime factors of (-183)/(-12)*(-40)/(-2).
5, 61
Suppose o - 58 - 240 = 0. List the prime factors of o.
2, 149
Let b = 4 - 1. Suppose -2*q = 4*j - b - 17, -2*j + 4 = 0. Suppose -3*r + q = -2*r. List the prime factors of r.
2, 3
Suppose 960*v - 4980 = 958*v. List the prime factors of v.
2, 3, 5, 83
Let y(z) be the first derivative of -z**4/4 - 5*z**3/3 + z**2 + z + 1. Let r be y(-7). Suppose 240 - r = 5*c. What are the prime factors of c?
31
Let t = -17 + 21. Suppose -t*f - 77 + 213 = 0. What are the prime factors of f?
2, 17
Let b = 895 - 3. List the prime factors of b.
2, 223
Let c = 169 + 269. List the prime factors of c.
2, 3, 73
Let k be (2/3)/(3/18). Let a(o) = o**3 - 4*o**2 + 3. Let w be a(k). Let y = 33 + w. List the prime factors of y.
2, 3
Suppose -2*u - 4 = -4*u. Let i be 1/u*(-2 + 64). Let v = -18 + i. List the prime factors of v.
13
Let t(l) = l - 5. Let c be t(11). Suppose -3*o + c = -6. Suppose 0 = 2*x - z - 9, -x + o*x - 9 = 3*z. List the prime factors of x.
2, 3
Suppose v - 1244 = -3*c, 2*v = -0*v - 3*c + 2479. List the prime factors of v.
5, 13, 19
Suppose 38*v - 7872 = 22*v. List the prime factors of v.
2, 3, 41
Let z(q) = -q**2 - 6*q - 7. Let k be z(-3). What are the prime factors of 44/(-5)*(-15)/k?
2, 3, 11
Let y(s) = 11*s**3 + 2*s**2 - 1. Let u be y(-1). Let p = -18 - u. List the prime factors of (6/4)/(p/(-48)).
3
Suppose 4*t - 3252 = -2*h, 9*h - 5*t - 8145 = 4*h. List the prime factors of h.
2, 11, 37
Let h be 24/108 + 50/18. Suppose -h*t = 6 + 3. What are the prime factors of (34 - 1) + t + 1?
31
Suppose -m - 3*g + 4 = 0, 3*m = -m - g + 5. Let f(u) = 50*u - 2. What are the prime factors of f(m)?
2, 3
Let t be -2*(-4)/(-28) - 2922/14. Let n = t + 316. What are the prime factors of n?
107
Suppose 0 = 6*t - 126 - 1686. What are the prime factors of t?
2, 151
Let k be (-19)/4 - 5/20. Let s(w) = 22*w**3 + w**2 + w - 1. Let t be s(1). Let r = k + t. What are the prime factors of r?
2, 3
Suppose 0 = 5*t - 4*q - 774, -5*q = -10*q - 5. Suppose -t = 2*y - 4*y. What are the prime factors of y?
7, 11
Let i(q) = 191*q - 229. What are the prime factors of i(12)?
2063
What are the prime factors of 3*218 + (-13)/(39/(-6))?
2, 41
Suppose 48*t - 962 = 46*t. What are the prime factors of t?
13, 37
Let p(r) = r**2 + 5*r - 5. Let n be p(-6). Suppose -2*g = -n - 5. Suppose g*l = 8 + 37. List the prime factors of l.
3, 5
Let v(l) = 4*l**2 - 9*l + 9. Let h(z) = 2*z - 4 + 8*z - z**3 + 18*z**2 - 10*z**2. Let c be h(9). What are the prime factors of v(c)?
2
Let b = -973 + 1186. What are the prime factors of b?
3, 71
Let f be (-1)/(38/(-12) - -3). Let k = 4 + f. Suppose 2*c + k - 84 = -2*v, 3*c - 5*v - 87 = 0. List the prime factors of c.
2, 17
Let q = -34 + 43. What are the prime factors of -3 + 6 + q + 3?
3, 5
Let u(i) = i**2 - 3*i + 5. Let n be u(2). Suppose -n*r = -4*a - 0*a + 1098, 0 = -4*r + 8. List the prime factors of a.
2, 3, 23
Let m(g) = -g**3 - 4*g**2 + 5*g + 2. Let c be m(-4). Let u = -36 - c. List the prime factors of (u - 4)*(-2)/4.
11
Let f(z) = -z**2 - z. Let y(a) = -5*a**2 - 13*a + 7. Let x(c) = -4*f(c) + y(c). List the prime factors of x(-6).
5
Suppose -l + 4*l - 3*g - 312 = 0, 2*g + 424 = 4*l. Suppose -q + 23 = -3*n - l, q - 123 = -5*n. List the prime factors of q.
2
Let w = 84 + 32. Suppose -5*u + 9 = -w. What are the prime factors of (-4)/10 + 1060/u?
2, 3, 7
Let i(x) = -x**3 - 2*x**2 - 7*x - 4. Let k be i(-4). Let w = -114 - -173. Suppose 2*c - 4*s - 44 = 0, 4*c + s = k + w. List the prime factors of c.
2, 7
Let v(b) be the first derivative of -b**4/4 - 13*b**3/3 + 2*b**2 + 43*b - 13. List the prime factors of v(-14).
3, 61
Let z(w) = 65*w - 242. List the prime factors of z(16).
2, 3, 7, 19
Suppose -4242 = -18*w + 13596. What are the prime factors of w?
991
Let d(v) = -v**2 + 15*v - 4. Let n(t) = -t**2 + 11*t - 12. Let o be n(9). List the prime factors of d(o).
2, 5
Suppose 0*u - 12 = -4*u. Suppose -486 = -u*s - 96. Suppose -q = 4*q - s. What are the prime factors of q?
2, 13
Let t = 33 + -21. Suppose 2*m + 2 = t. Suppose 2*u + 0*k = m*k + 140, 2*u + 4*k = 104. What are the prime factors of u?
2, 3, 5
Let d be 5/(-5)*(-416 - 1). Suppose -3*w - 3*m + d = 0, 4*m - 2*m = 10. List the prime factors of w.
2, 67
Let n = 14 - 9. Let p = 11 - n. Suppose -2*u = -p*u + 2*m + 250, 244 = 4*u + 4*m. What are the prime factors of u?
2, 31
Suppose 868 = 4*y - 4*j - 380, -2*y + 5*j + 621 = 0. List the prime factors of y.
313
Suppose 4*w - 156 = -3*p - 2*p, 40 = w + p. What are the prime factors of w/10 + 6/10?
5
Let d(p) = p**3 + 9*p**2 - 2*p - 7. Let t be d(-9). Suppose 2796 = h + t*h. List the prime factors of h.
233
Let y = 1056 - 514. List the prime factors of y.
2, 271
Let x be (-3 - 15/(-6))*-14. Suppose 2*v = -5*b + x, 19 = -v - 0*b + 2*b. Let j(g) = g**2 + 6*g - 1. What are the prime factors of j(v)?
2, 13
Let q(y) = 129*y**2. Let r(a) = a**3 - 5*a**2 + 3*a - 14. Let u be r(5). List the prime factors of q(u).
3, 43
Let u = 3568 - 1324. List the prime factors of u.
2, 3, 11, 17
Let x be (-18)/6 - (-18)/3. Let o(a) = a**3 - 2*a**2 + 5*a - 4. List the prime factors of o(x).
2, 5
Suppose 51*q = 7*q + 55000. What are the prime factors of q?
2, 5
Suppose r = 2*r + 2*l - 9, 15 = 4*r + l. Suppose 4*a + 1 = -i, -r*i - 3 = 3*a + 2*a. Let x = a - -16. List the prime factors of x.
2
Let b be 2/6 - (-73)/(-3). Let s = -48 - b. What are the prime factors of (1 + s)/((-4)/4)?
23
Let x(f) = 33*f + 129. List the prime factors of x(29).
2, 3, 181
Suppose -2*k = -2*j - 4, 0 = 3*j - 0*j - 2*k + 1. Suppose 187 = 3*v - 23. Suppose -3*m - 114 = -5*h, -j*h + 6*m - 5*m + v = 0. List the prime factors of h.
2, 3
Let r = 1532 + -262. What are the prime factors of r?
2, 5, 127
Let t(v) = 8*v - 8. Let y be t(-7). What are the prime factors of (y/16)/(4/(-82))?
2, 41
Let p(m) = m**3 - m**2 - m - 49. Let l be p(0). Suppose -2*r - 3*r + 405 = 0. Let n = r + l. List the prime factors of n.
2
Let k(n) = -n - 19. Let y be k(14). Let m = y - -49. What are the prime factors of m?
2
Suppose -1 = 3*g - 2*t + 4, 0 = g + 4*t - 3. Let b = g + 23. What are the prime factors of b?
2, 11
Let m(p) = -2*p - 3. Let j be 58/(-8) - (-7)/28. Let h be m(j). Suppose c - 9 = h. List the prime factors of c.
2, 5
Let d = -3 - -3. Suppose h + 4 - 9 = d. Suppose -4*g + m = -41, h*g + 4*m - 45 = 2*g. What are the prime factors of g?
11
Suppose 2*g - 3*x = 2*x + 37, -20 = -g + 3*x. Let b be 18/(-8)*(-1 - -5). Let p = g - b. What are the prime factors of p?
2, 5
Suppose -3*s - 4*k + 591 = 0, -s + 4*k + 55 + 158 = 0. What are the prime factors of s?
3, 67
Suppose -4*n + 10250 = -4*u + 2038, -3*u - 2045 = -n. What are the prime factors of n?
11, 17
Suppose 14*p = -4*p + 6246. List the prime factors of p.
347
Suppose q + 71 = s, s - 5*q + 20 = 107. Let x = s - -22. List the prime factors of x.
89
Suppose o + 3*o - 2930 = 2*t, 0 = 3*o - 3*t - 2202. List the prime factors of o.
17, 43
Let s(i) = -i**3 + 13*i**2 - 1. Let a be s(13). What are the prime factors of a - -32 - (2 - 0)?
29
List the prime factors of 2*1264/(-12)*-6.
2, 79
Let o(n) = -97*n - 6. Let z be o(-1). Let g = -78 + z. List the prime factors of g.
13
Let x(u) = u**2 - 2. Let f be x(8). Suppose -f = 5*d - 317. List the prime factors of d.
3, 17
Suppose 2*h + 1 - 3 = 0. What are the prime factors of h/4 - (-246)/8?
31
Let q(i) = i**2 + 10*i + 3. Let f = -24 - -14. Let g be q(f). Suppose 4*u - 96 = -g*s + s, -u = 3*s - 119. List the prime factors of s.
2, 19
Let l be (-33)/44*32/(-6). Let o = l - 4. Suppose -24*h + 19*h + 150 = o. What are the prime factors of h?
2, 3, 5
Suppose 0*h - h = 